. Suppose 4*a - 11 = v. Let f(m) = 4*m + a - 3*m - 17. What is f(3)?
3
Let p(m) = -9*m**2 + 7*m + 8. Let n(t) = -40*t**2 + 25*t + 33. Let y(x) = -2*n(x) + 9*p(x). Determine y(14).
-8
Let l(u) = -u**3 + 6*u**2 - 4*u + 4. Let k = 487 + -482. Calculate l(k).
9
Suppose -5*h - 6*h + 22 = 0. Let o(t) = -1 - 64*t**2 + 30*t**2 + 35*t**h - 6*t. Calculate o(6).
-1
Let a(q) = -2*q + 8. Suppose -17*o = -22*o + 25, 4*r - 3*o + 15 = 0. Calculate a(r).
8
Let q be -4 - (-4 + 1)*1. Let u = q - 14. Let y be u/(-5) + 1/(-1). Let s(j) = -j**3 + j**2 + j + 2. Determine s(y).
0
Let d be (2 - 1 - 2)/1. Let z be d*(-3)/6*12. Let a(i) = 7 - 3 - i - 2 + 0 - 1. Calculate a(z).
-5
Suppose 0 = -6*s + 4 + 14. Suppose -5*g + 4*a + 41 = 0, -27 = -3*g - s*a + 6*a. Let v(j) = j - 5. What is v(g)?
0
Suppose -20 = -4*s + 5*m, -4*s + 3*m = -s - 12. Suppose w + s*w = 5. Suppose 2*r + 4*n = 8, w*n - 10 = -3*r - 0. Let g(y) = -y**2 + y + 9. Determine g(r).
9
Suppose u - 7 = a - 2, -21 = -5*u + a. Suppose -u*k - 4 = 8. Let p be (18/15)/(k/15). Let i(j) = -2*j - 9. What is i(p)?
3
Let p(o) = 21*o - 3*o**2 - 2*o**3 - 2 + 4*o**2 - 19*o. Determine p(2).
-10
Let l(y) = -y**2 + 2*y - 3. Let v = -28 - -10. Let d = 20 + v. Give l(d).
-3
Let l(g) = g**2 - 3. Let q = 60 + -41. Let n = -22 + q. Determine l(n).
6
Let q(h) = h + 6*h - 3 + 5. Let f(m) = -4*m - 1. Suppose 2*g + 18 = -2*l + 8, 4*g + 5*l + 22 = 0. Let x(j) = g*q(j) - 5*f(j). Give x(-1).
0
Suppose -6*q = q + 14. Let p(l) = -2*l**3 - 4*l**2 - l + 2. Let c be p(q). Let a(b) = -4*b + 0*b + 2 + b. What is a(c)?
-10
Let a(r) = 2. Let j(s) = -s**3 + 5*s**2 - 4*s + 4. Let n(k) = -4*a(k) + j(k). Determine n(3).
2
Let n(c) = -3*c - 1. Let q be n(-1). Let p be (-3)/(-4) + 513/36. Suppose -3*d = 4*g - p, -d = -5*d + 2*g - q. Let h(t) = -3*t**3. Calculate h(d).
-3
Let l(f) = f + 3. Let b(w) = -6*w - 15. Let z(h) = -2*b(h) - 11*l(h). Suppose p = 5*r - 26, -4*p - 19 = -8*r + 5*r. Determine z(r).
2
Let k(h) = 3*h**3 - 10*h**2 - h + 3. Suppose 43*q + 48 = 59*q. Give k(q).
-9
Let u(h) = -2 - 1 + 3 - 2 - h. What is u(3)?
-5
Let j(g) = -2*g - 9 + 2*g - 3*g. Suppose 30 = m + 36. What is j(m)?
9
Suppose -2*z + 7 = -5. Let j(l) = -7*l - 12. Let i(b) = -5*b - 10. Let p(w) = 3*i(w) - 2*j(w). Determine p(z).
-12
Suppose -2*s = -c + 14, 5*s + 17 = c - 0*c. Suppose 0 = -4*w + d + c, d = 4*d + 12. Suppose -w*y = -0*y. Let r(t) = -t - 10. Determine r(y).
-10
Let z(s) = -2*s**2 - 36*s - 37*s - 1 - s**3 - 12*s + 87*s. Give z(-2).
-5
Let g = -925 + 934. Let f(a) = -4*a + 26. Give f(g).
-10
Suppose 4*t - f = -19, 2*t - 6*t = 3*f + 7. Let y = 32 - 31. Let s(c) = 21*c - 15*c + c**2 + 0 + y. What is s(t)?
-7
Let n be 4/4 + (2 - 6). Let t(y) = y**3 + 4*y**2 + 3*y + 1. Let o be t(n). Let x(d) = d - 1 + o - 2 - 2*d. Calculate x(5).
-7
Let x = 211 - 131. Let u be (-32)/x - (-4)/10. Let i(c) = -c - 16 + u*c**2 + c**3 - c**2 + 15. Determine i(-1).
-2
Let a be 13/52 - (-3)/(-12). Let l(p) = p**3 + p**2 - p - 23. Give l(a).
-23
Suppose 0 = -5*g + 24 + 21. Let p(q) be the third derivative of q**5/60 - 3*q**4/8 + 3*q**3/2 - 2*q**2 + 36. Give p(g).
9
Suppose 3*w = -j - 24, 7*w = 9*w + 10. Let n(o) = -o**2 - 9*o - 4. Determine n(j).
-4
Let s(h) = -h - 2. Let g(a) = 3*a + 3. Let r(c) = -3*g(c) - 8*s(c). What is r(4)?
3
Let z(w) = 3. Let u(q) = q + 7. Let c(x) = 6*u(x) - 15*z(x). Let i be ((-6)/4)/(6/16). Let a be ((-2)/2)/(2/i). Determine c(a).
9
Let f(u) = u**2 + 38. Let h = 540 - 540. Calculate f(h).
38
Let p(x) = 2*x + 7. Let q be (-1)/(-4) - (-50)/(-40). Let s = 4 - q. Suppose -y + 0 - s = 0. Give p(y).
-3
Let x(h) = h + 2. Let q be 2 + -3 + 1 + 2. Let w = -8 - q. Let u be 1/w*4*-10. Determine x(u).
6
Let a(l) = 13*l**2 + l**3 - l + 291 - 274 - 13*l**2. Determine a(0).
17
Let g(m) be the second derivative of -m**5/20 - 5*m**4/12 - 3*m**2 + 159*m. Determine g(-5).
-6
Let j(z) be the first derivative of z**6/120 - z**5/30 - z**3/6 + 9*z**2 + 4. Let f(h) be the second derivative of j(h). What is f(3)?
8
Let i(q) = -6*q - 256 + 3*q**2 + 506 - 253 - 2*q**2. Determine i(6).
-3
Let a(w) = -3*w**2 - 3*w - 1. Let y(b) = -b - 13. Let c be y(-8). Let k(s) = -4*s**2 - 4*s - 1. Let m(n) = c*a(n) + 4*k(n). Give m(0).
1
Let z(d) = 6*d**2 + d + 1. Let x be ((-4)/(-6))/(5/(-15)). Give z(x).
23
Let z(l) = 39 + l**2 + 25 - 69 - 6*l. Calculate z(8).
11
Let f(g) = 7*g**2 - 10*g + 1. Let x(t) = 5*t**2 - 9*t. Let y(s) = -2*f(s) + 3*x(s). Determine y(8).
6
Let v(m) = 3*m**3 - 12*m**2 + 7*m - 15. Let t(n) = -4*n**3 + 13*n**2 - 6*n + 16. Let i(f) = 2*t(f) + 3*v(f). What is i(9)?
-13
Suppose 1 = 22*d - 65. Let p(c) = -2*c. Calculate p(d).
-6
Suppose 2*x = 5*v - 18, 4*v - 12 = -x + 5*x. Let o = 5 - x. Let l(a) = -5*a**2 - a + 7*a**2 - 5*a + a**3 + 4 - 5*a**2. Determine l(o).
-4
Let a(g) = g + 11. Let y(n) = 3*n + 33. Let v(f) = -11*a(f) + 4*y(f). Let x be v(-5). Let b(z) = -z**2 + 6*z + 4. What is b(x)?
4
Let f(l) = -1805 + 897 - 2*l + 906 + 3*l. Suppose 3 = 2*v + 11. Give f(v).
-6
Suppose 5*l = 3*l. Suppose l = 2*d + 8 + 6. Let y(z) = -10 + 11*z + 3*z + 7*z - 23*z. What is y(d)?
4
Let y(s) be the first derivative of s**3/3 - 3*s**2 - 4*s + 12. What is y(6)?
-4
Let i(s) be the second derivative of 0 + 23*s + 1/6*s**3 + 0*s**2. Calculate i(-2).
-2
Let m(b) be the second derivative of -b**6/240 + 3*b**4/2 + 7*b. Let r(d) be the third derivative of m(d). Calculate r(-4).
12
Let i(d) = d + 8. Let w be i(-5). Suppose 0 = w*v - 2*v. Let u(c) = -3*c - 19 + 5*c - c**2 + 14 + v*c**2. Give u(4).
-13
Suppose 8*w - 3*w + 15 = 0. Let m(t) = -t**2 - 3*t - 3. Give m(w).
-3
Let f(c) be the third derivative of c**5/60 - 7*c**4/24 - 7*c**3/6 - 403*c**2. Calculate f(8).
1
Suppose l = 3 - 1. Suppose -l*z - 2*z = 4. Let o(y) = -4*y - y + 3*y - 4*y. Determine o(z).
6
Let y(i) = i + 1. Suppose -4*p - 106 + 82 = 0. Determine y(p).
-5
Let i(o) be the third derivative of 0 - 16*o**2 - 11/6*o**3 + 1/24*o**4 + 0*o. What is i(0)?
-11
Suppose 2*d = -5 + 7. Let n(h) = -h - 2. Let c be n(-5). Suppose -c*m - 2 = d. Let b(q) = q**2. What is b(m)?
1
Suppose -2*q + 1072 - 1082 = 0. Let v(s) = -s**2 - 6*s - 1. Determine v(q).
4
Suppose -8*o + 4*o = 0. Suppose 8 + o = 4*z. Let f(t) = 3 + 4*t - t**2 - t**3 + 4*t**z - 2*t - 4*t. What is f(3)?
-3
Let b(o) be the first derivative of 2*o**2 + 9*o - 242. Calculate b(-3).
-3
Let a(v) = 4*v + 28. Let q be (63/(-4))/9*4. Let b(h) = h + 9. Let d(c) = q*b(c) + 2*a(c). Determine d(5).
-2
Let p(y) = -5*y**3 + y. Suppose 9 = g + 3*f, -2 = -4*g + 2*g - 2*f. Let d(z) = z**3 + 4*z**2 + z - 5. Let u be d(g). What is p(u)?
-4
Let c be (-33)/(-4) + (-33)/4 + 9. Let n(i) = -i**3 + 8*i**2 + 10*i + 5. Calculate n(c).
14
Let k(c) be the third derivative of -c**5/60 - 5*c**4/24 + c**3 + 21*c**2 + 9*c. Determine k(-5).
6
Let v(r) = 2*r**2 + 10*r - 7. Suppose -3*c = 20 - 2. Calculate v(c).
5
Let z(b) = -2*b**2 + 2*b - 3. Let j be (15/2)/(9/12). Suppose -4*d - 20 = d. Let n be 1/(-2) - j/d. Give z(n).
-7
Let a(r) = -3*r**2 + 3*r + 9. Let g(q) be the third derivative of q**5/30 - q**4/12 - 5*q**3/6 + 5*q**2. Let h(o) = -3*a(o) - 5*g(o). Calculate h(2).
-4
Let c be (-9)/6*56/(-21). Suppose -2*f - c*f = 0. Let j(q) = -5*q**3 - 5*q - 10. Let x(o) = 11*o**3 + 11*o + 21. Let v(z) = -9*j(z) - 4*x(z). What is v(f)?
6
Let z be (-10 + 6/3)/(-2). Suppose -z*d + 2*m = -0*m, -18 = -d - 4*m. Let q(s) = -s - 3 + 4 + d + 3*s. Calculate q(-3).
-3
Suppose 0 = -61*w + 60*w - 2. Let l(y) = y**3 + 3*y**2 + 4*y + 3. Calculate l(w).
-1
Let o(w) be the third derivative of -w**6/120 - 13*w**5/60 + w**4/24 + w**3/2 + 2*w**2 - 9. What is o(-13)?
-10
Let h(k) = -11 + k + 31 - 13. Calculate h(-3).
4
Let k(m) = 5*m + 3. Let a(y) = 10*y + 6. Let v(h) = -4*a(h) + 7*k(h). Suppose 5*j + t = -6 - 2, 5*t = -3*j + 4. Determine v(j).
7
Let z(c) = c + 3. Let r be z(0). Suppose -r*s - 8 = 7. Let g(o) = 1720 - o**2 - 1717 + o - 6*o. What is g(s)?
3
Let z(y) = y. Let o = 12 + -7. Suppose 9 = 3*j - 2*u - u, 4*j - o*u - 12 = 0. Suppose 12 = 5*c - j. What is z(c)?
3
Suppose 2 = o + 3*n + 1, 0 = 4*o - 5*n - 38. Suppose 3*p + 4 = o*p. Let t(z) = 4*z - 2*z - p - 2*z - 2*z. What is t(-1)?
1
Let x(t) = -t**3 - 7*t**2 - 7*t - 5. Let c(d) = -d + 5. Let q(r) = 1. Let v(u) = c(u) + 2*q(u). Let n be v(13). What is x(n)?
1
Suppose 234 = -4*x + y, -2*x - 3*y - 154 + 30 = 